be -1*(-2)/((-2)/k). What is j(n)?
-1
Let x be (3 + 53/(-18))/(1/3). Let u(t) be the second derivative of 0 - x*t**3 + 2*t**2 + 3*t. Determine u(0).
4
Let m(t) = -t**2 + 9*t - 9. Let w(s) = -s**3 + 6*s**2 - 7*s + 17. Let z be w(5). Calculate m(z).
5
Let q(g) = -11*g - 3. Let z(p) = 5*p + 1. Let m(v) = 4*q(v) + 9*z(v). Suppose n - 8 = 4*j + 10, 0 = 2*j - 2*n + 12. Give m(j).
-7
Let d(v) be the second derivative of v**3/6 + v**2 + v. Determine d(3).
5
Let i(b) = 3*b**2. Let y(v) be the first derivative of v**4/4 + v + 1. Let w be y(0). Calculate i(w).
3
Let q(r) = -r**3 - r**2 + r - 14. Let c be (-2 + 2)/(2 - -1). Calculate q(c).
-14
Let z(p) be the first derivative of p**4/4 - 4*p**3/3 - 1. Suppose 16 = -2*h + 6*h. What is z(h)?
0
Let n(j) be the second derivative of 3*j**3/2 - 8*j**2 + 5*j. Let t(g) = 5*g - 8. Let h(a) = -3*n(a) + 5*t(a). Calculate h(6).
-4
Let z(j) = 3*j - 1. Let u be ((-32)/(-5) - 5)/((-2)/10). What is z(u)?
-22
Let d(w) = -4*w. Suppose -5 = -t + 1. Suppose 3 = -p + t. Suppose p = g + 5. Determine d(g).
8
Let i(d) = -3*d + 5. Suppose 0*j + 10 = 2*j. Let x be i(j). Let b be 4/x - (-28)/20. Let f(u) = -3*u**3 + u - 1. Give f(b).
-3
Suppose 8 = 2*k - 2*i, 3*k - 5*k + 12 = -4*i. Let u(r) = -2*r**3 - 2*r - 6*r**2 + 2*r**2 + 5*r**3 - k*r**3. Calculate u(5).
15
Let h(l) = -3*l + 5*l + l + 1. Give h(3).
10
Let k(b) = -b**2 - 8*b - 4. Suppose -5*s - 18 = -4*x, 2*s - x - 6 + 15 = 0. Determine k(s).
8
Let q(d) = -12*d**2 + 0*d**2 + 10*d**2 + 3*d**2 + 3*d. Calculate q(-4).
4
Let q(d) = -3*d - 196*d**3 + 2 + 9*d + 197*d**3 + 6*d**2. What is q(-5)?
-3
Let k be 27/(-9) + 1*6. Let l(r) be the third derivative of 0 - 1/12*r**4 + 1/2*r**k - r**2 + 0*r. Give l(5).
-7
Let s(d) be the first derivative of d**5/20 - d**4/4 + 2*d**3/3 - 3*d**2/2 - 6*d - 6. Let w(j) be the first derivative of s(j). What is w(2)?
1
Suppose -5*v = 2*j - 14, v = j - 0*j. Let a(m) = -m**v + 1 + 2*m - 3*m + 0*m**2. Give a(0).
1
Suppose -10*v + 3 - 13 = 0. Let q(i) = -13*i**3 - i**2 - 2*i - 1. Calculate q(v).
13
Let z(h) = h**3 - 5*h**2 + 3*h + 5. Let p(j) = -j**3 + 2*j**2 + 6*j - 5. Let f be p(3). Determine z(f).
1
Let a(p) = p**2 + p + 2. Let c = 18 + -22. Calculate a(c).
14
Let b(a) = a**2 + 1. Suppose -4*j - 6 = 5*q, -j = 7*q - 9*q - 5. Determine b(j).
2
Let f(p) = p**3 + 3*p**2 - 3*p + 2. Let g be (-5)/2*(-18)/(-15). Let t = 5 + g. Let o be 2*(-7)/t - -3. Determine f(o).
-2
Let q(i) = i - 11. Let d be q(14). Let j(o) = -2*o - 3 - d*o**2 + 8*o**2 - o**3 + 0*o**3 - o**2. What is j(3)?
0
Let a(i) = -i - 4. Let o be a(-4). Let m(h) = h**3 + h**2 + h + 8. Give m(o).
8
Suppose 10*t - 10 = 15*t. Let y(l) = l**3 + 2*l**2 - 2*l - 2. What is y(t)?
2
Let a(t) = t - 2. Let i be a(4). Suppose 0 = -r + 4*y + 14, i*r - 5*y = 4*r + 11. Suppose 3*o = r*o, -3*u + 6 = 2*o. Let h(w) = -w. Determine h(u).
-2
Let x = -3 + 6. Suppose 2*r + 5*p = 29, 4*r + p - 5*p = 16. Suppose 1 = -x*u + r. Let m(o) = o - 1. Calculate m(u).
1
Let u(t) = -3*t**3 + 4*t**2 + 2*t + 7. Let j be (1/2)/1*8. Let x(r) = -r**3 + 1. Let m(d) = j*x(d) - u(d). Determine m(-3).
-6
Let g(j) = -j**3 + j**2 - 5*j + 1. Let f(k) = 5*k**3 - 5*k**2 + 20*k - 3. Let r(w) = -2*f(w) - 9*g(w). What is r(3)?
-6
Let f(z) be the third derivative of z**4/12 + 5*z**3/6 - 15*z**2 + 2*z. What is f(-6)?
-7
Suppose 4*t - 2*s = 18, 21 = 2*t + 5*s + 6. Suppose -j + 4 = t*o, 7*j + 4*o + 1 = 2*j. Let y(g) = g - 2*g - 3 + 6*g**3 + 2. Calculate y(j).
-6
Let r(s) = -s**3 + 3*s**2 + 3*s - 1 - 4*s**2 - 4*s**2 + 2*s**2. Give r(-4).
3
Let k(i) be the first derivative of i**4/4 + i**3/3 - i**2/2 + i + 2. Let w be k(-2). Let c(x) = -10*x - 1. Calculate c(w).
9
Let i(z) = 2*z - 4. Let q = 22 - 18. Suppose -14 = -q*y - n, -2*y - y + 19 = 5*n. What is i(y)?
2
Let x(n) = -5*n - 26. Let j(u) = -u - 6. Let f(t) = -18*j(t) + 4*x(t). Give f(4).
-4
Let s(i) = -i + 5. Let y be s(5). Let j(x) = -2 + y - 2 + 3*x. Suppose -4*t = -6*t + 8. Calculate j(t).
8
Let t(c) = c + 1. Let w(b) = b**2 + 9*b - 9. Let l(i) = 2*t(i) + w(i). Let g be l(-12). Let m(z) = 2*z + 5. What is m(g)?
15
Suppose -3*a - 4 = -2*a. Let o(i) = -3*i - 6. What is o(a)?
6
Let g(z) = z**2 - 2*z - 3. Let y(s) = -2*s + s**2 + s**2 + 1 + 3*s - 3*s**2. Let a(v) = -g(v) - 2*y(v). Determine a(0).
1
Suppose -3*r + 13 + 8 = 0. Let d be 1*-2 - (-1 - 3). Let l(c) = 2*c + 0*c - r*c + d*c. What is l(-2)?
6
Let b be 4 - (-2 - -3) - -2. Suppose -30 = -b*w - 0*w. Let c(h) = -h**2 + 4*h + 6. Calculate c(w).
-6
Let b(t) be the third derivative of -t**4/8 - 7*t**3/6 + 6*t**2. Let o be (5/(-3))/(1/3). Calculate b(o).
8
Let q(h) be the first derivative of h**5/10 + h**3/6 - h**2/2 + 3. Let u(b) be the second derivative of q(b). Calculate u(1).
7
Let o(a) = 2*a + 2*a**2 - 3*a**3 + 2 - 8 + 2*a**2 + 2*a**3. Determine o(4).
2
Let k = 2 + 0. Let s(v) = 0 - 5*v + v**k + 0. Determine s(5).
0
Let j(x) = -x**3 - x**2 + x - 2. Suppose -r - 5*i + 13 = 0, -4*r + 2*i + 0*i - 14 = 0. Give j(r).
0
Let v(l) = 2*l + 3*l**2 + 0*l**2 - l. Let c(d) = d**3 - 3*d**2 + d - 2. Let p be c(3). Calculate v(p).
4
Let v(r) = 3 + 24*r**2 + 11*r - 5*r - 23*r**2. What is v(-5)?
-2
Let w be -8*(2 + 15/(-12)). Let q be 24/2*3/w. Let m(d) = 2*d + 9. Give m(q).
-3
Suppose -11*l + 5*l + 6 = 0. Let s(z) = 9*z**2. What is s(l)?
9
Suppose 0 = 3*m - 2 - 7. Let y(x) = 4*x - 3. Let u(l) = 8*l - 6. Let i(g) = 4*u(g) - 7*y(g). Give i(m).
9
Let n(h) = -2*h - 2. Let x(b) = 3*b + 5. Let y(f) = -5*n(f) - 3*x(f). Suppose 3*m = -8 - 4. Let w = 8 + m. Determine y(w).
-1
Let l(n) be the third derivative of -1/12*n**4 + 0*n - 3*n**2 + 0 - 3/2*n**3. Calculate l(-6).
3
Let n(o) be the third derivative of o**5/60 - o**4/4 + 5*o**3/6 - o**2. Let q(h) = h**3 + 9*h**2 + 10*h + 10. Let a be q(-8). Let b = a + 10. What is n(b)?
-3
Let t(n) = -11*n**2 + n - 1. Let b(p) be the second derivative of p**5/5 - p**4/6 + p**3/6 - p. Let r be b(1). Let c be (-1)/(-1*(r + -2)). Calculate t(c).
-11
Let f(c) = -c - 9. Let q(p) = -2*p**2 + 3*p - 4. Let y be q(2). Determine f(y).
-3
Let i(w) = -3*w + 4. Suppose -3*q + 5 = -13. Calculate i(q).
-14
Let p(j) = -j**3 + 2*j**2 + 3*j - 3. Let c be p(2). Suppose c*f - 15 = -3. Let t(z) = -z + 2. Determine t(f).
-2
Let w(s) = s**3 - 3*s**2 + 4*s - 8. Let q be w(3). Let r(l) = l**2 - 2*l - 2. Calculate r(q).
6
Let s(a) = -a**3 - 5*a**2 + 1. Let d(h) = -h**3 - 6*h**2 + 1. Let k(j) = 5*d(j) - 6*s(j). Suppose o + c - 9 = 5*c, 0 = o + 4*c + 7. Calculate k(o).
0
Let y(k) = -2*k + 4. Let m(p) = -p**3 - p**2 - p - 1. Let r be m(-1). Suppose r = f - 0*f + g, 5*g = 2*f - 21. Give y(f).
-2
Let s(t) = -t**2 + 5*t + 1. Suppose -2 + 12 = 2*w. Let n be s(w). Suppose j - 4*i = -n + 7, 0 = -3*j + i + 18. Let a(g) = g**2 - 8*g + 6. What is a(j)?
-6
Suppose -4*a - a + 35 = 0. Let c(z) = -z**3 - 5*z**2 - 6*z - 5. Let u be c(-4). Let w = a - u. Let x(m) = -m. What is x(w)?
-4
Let n(j) = 6*j**2 + 7*j + 2. Let x(y) = y**2 + y + 1. Let d(q) = n(q) - 4*x(q). Determine d(-3).
7
Let u(r) be the second derivative of r**4/12 - r**3/3 - r**2/2 - 6*r. Determine u(4).
7
Suppose -5*q - 5*y = -25, -3*q + 3 = 2*y - 14. Let b be (-14)/4 - q/14. Let w(z) = 4*z**2 + z + 5. Let x(d) = 3*d**2 + 5. Let j(v) = 4*w(v) - 5*x(v). Give j(b).
-5
Let y(o) = -9*o - 1. Let f(r) = r**2 + 25*r + 25. Let s be f(-24). Determine y(s).
-10
Let c(b) = b**3 - b**2 - 2*b. Let v be 3/((-9)/24) - -2. Let k = 8 + v. Determine c(k).
0
Let n(k) = 2*k**2. Let f(w) = w**2 - 4. Let r be f(3). Suppose o = -4*o + r. Determine n(o).
2
Let r(u) be the second derivative of u**4/12 - u**3 + 2*u**2 - 2*u. Suppose 32 = 7*z + z. What is r(z)?
-4
Let c(r) be the first derivative of -r**5/120 + r**4/2 - 2*r**3/3 - 2. Let i(k) be the third derivative of c(k). Let b be 1*(3 + -6) - -8. Determine i(b).
7
Let q(x) = 5*x**2 + 2*x - 8. Let h(y) = -6*y**2 - 3*y + 9. Let r(d) = -6*h(d) - 7*q(d). Let m = 418 - 420. Calculate r(m).
-2
Let d be 2/8 - (-76)/16. Let m = -1 + d. Suppose -5*a - m*i + 11 - 1 = 0, 2*a - 11 = -3*i. Let r(o) = o**3 + 3*o**2 + 2*o. What is r(a)?
0
Let m be (-1)/(-2)*(-15 + 1). Let i(o) be the second derivative of -o**3/6 - 3*o**2/2 - o. Determine i(m).
4
Let t(u) be the second derivative of -u**5/20 + 5*u**4/12 + u**3/3 - 5*u**2/2 + 10*u. Let b be (-6 - -9) + (-2)/(-1). What is t(b)?
5
Let t(y) = 2*y**2 + y -